{"id":1873,"date":"2024-11-16T18:16:17","date_gmt":"2024-11-16T17:16:17","guid":{"rendered":"https:\/\/tischtennis-biesfeld.de\/?page_id=1873"},"modified":"2026-01-06T13:28:23","modified_gmt":"2026-01-06T12:28:23","slug":"nachwuchsturnier","status":"publish","type":"page","link":"https:\/\/tischtennis-biesfeld.de\/?page_id=1873","title":{"rendered":"Kinderturnier \/ mini-Meisterschaften"},"content":{"rendered":"\n<p>Das n\u00e4chste K\u00fcrtener Tischtennis-Kinderturnier (mini-Meisterschaften) findet am Sonntag, den 18. Januar 2026 ab 14:00 in der Sporthalle der GGS Biesfeld statt.<\/p>\n\n\n\n<p>Teilnahmeberechtigt sind alle <strong>nicht-lizensierten<\/strong> M\u00e4dchen und Jungen ab Jahrgang 2013.<\/p>\n\n\n\n<figure class=\"wp-block-table is-style-stripes\"><table class=\"has-fixed-layout\"><tbody><tr><td>Gespielt wird in drei Altersklassen:<br><br>Jahrg\u00e4nge 2017 und j\u00fcnger<br>Jahrg\u00e4nge 2015\/16<br>Jahrg\u00e4nge 2013\/14<\/td><td><img decoding=\"async\" width=\"180\" height=\"130\" class=\"wp-image-1906\" style=\"width: 180px;\" src=\"https:\/\/tischtennis-biesfeld.de\/wp-content\/uploads\/2024\/11\/Logo_Minimeisterschaften.png\" alt=\"\"><\/td><\/tr><\/tbody><\/table><\/figure>\n\n\n\n<p>F\u00fcr die Anmeldung ben\u00f6tigen wir von euch folgende Daten: Name, Vorname, Geburtsdatum, eure vollst\u00e4ndige Adresse, E-Mail und eine Mobiltelefonnummer. F\u00fcr die \u00dcbersendung der Daten k\u00f6nnt ihr untenstehendes Formular verwenden oder uns diese formlos per Mail an: <a href=\"info@tischtennis-biesfeld.de\">info@tischtennis-biesfeld.de <\/a>oder per WhatsApp\/Signal an die 0172 4766042 senden.<\/p>\n\n\n\n<p>Wenn ihr euch f\u00fcr die formlose Variante entscheidet, liegt am Veranstaltungstag am Eingang der Sporthalle noch ein Bogen f\u00fcr euch aus mit den entsprechenden Erkl\u00e4rungen zur DSGVO. Solltet ihr kurzfristig verhindert sein und nicht teilnehmen, werden eure Daten am Tag der Abmeldung bzw. am Veranstaltungstag vollst\u00e4ndig gel\u00f6scht.<\/p>\n\n\n\n<p>Wir freuen uns auf eure Teilnahme.<\/p>\n\n\n\n<p>Das <strong>Anmeldeformular<\/strong> findet ihr <a href=\"https:\/\/tischtennis-biesfeld.de\/wp-content\/uploads\/2025\/11\/anmeldeformular_online_2026_ausfuellbar.pdf\">hier<\/a>:<\/p>\n\n\n\n<figure class=\"wp-block-image size-large\"><a href=\"https:\/\/tischtennis-biesfeld.de\/wp-content\/uploads\/2024\/11\/alleTische-_KSK-scaled.jpg\"><img fetchpriority=\"high\" decoding=\"async\" width=\"1024\" height=\"629\" src=\"https:\/\/tischtennis-biesfeld.de\/wp-content\/uploads\/2024\/11\/alleTische-_KSK-1024x629.jpg\" alt=\"\" class=\"wp-image-1893\" srcset=\"https:\/\/tischtennis-biesfeld.de\/wp-content\/uploads\/2024\/11\/alleTische-_KSK-1024x629.jpg 1024w, https:\/\/tischtennis-biesfeld.de\/wp-content\/uploads\/2024\/11\/alleTische-_KSK-300x184.jpg 300w, https:\/\/tischtennis-biesfeld.de\/wp-content\/uploads\/2024\/11\/alleTische-_KSK-768x471.jpg 768w, https:\/\/tischtennis-biesfeld.de\/wp-content\/uploads\/2024\/11\/alleTische-_KSK-1536x943.jpg 1536w, https:\/\/tischtennis-biesfeld.de\/wp-content\/uploads\/2024\/11\/alleTische-_KSK-2048x1257.jpg 2048w\" sizes=\"(max-width: 1024px) 100vw, 1024px\" \/><\/a><\/figure>\n\n\n\n<p><\/p>\n","protected":false},"excerpt":{"rendered":"<p>Das n\u00e4chste K\u00fcrtener Tischtennis-Kinderturnier (mini-Meisterschaften) findet am Sonntag, den 18. Januar 2026 ab 14:00 in der Sporthalle der GGS Biesfeld statt. Teilnahmeberechtigt sind alle nicht-lizensierten M\u00e4dchen und Jungen ab Jahrgang 2013. Gespielt wird in drei Altersklassen: Jahrg\u00e4nge 2017 und j\u00fcngerJahrg\u00e4nge 2015\/16Jahrg\u00e4nge 2013\/14 F\u00fcr die Anmeldung ben\u00f6tigen wir von euch folgende Daten: Name, Vorname, Geburtsdatum, eure [&hellip;]<\/p>\n","protected":false},"author":1,"featured_media":0,"parent":0,"menu_order":0,"comment_status":"closed","ping_status":"closed","template":"","meta":{"site-sidebar-layout":"default","site-content-layout":"","ast-site-content-layout":"default","site-content-style":"default","site-sidebar-style":"default","ast-global-header-display":"","ast-banner-title-visibility":"","ast-main-header-display":"","ast-hfb-above-header-display":"","ast-hfb-below-header-display":"","ast-hfb-mobile-header-display":"","site-post-title":"","ast-breadcrumbs-content":"","ast-featured-img":"","footer-sml-layout":"","ast-disable-related-posts":"","theme-transparent-header-meta":"","adv-header-id-meta":"","stick-header-meta":"","header-above-stick-meta":"","header-main-stick-meta":"","header-below-stick-meta":"","astra-migrate-meta-layouts":"set","ast-page-background-enabled":"default","ast-page-background-meta":{"desktop":{"background-color":"var(--ast-global-color-4)","background-image":"","background-repeat":"repeat","background-position":"center center","background-size":"auto","background-attachment":"scroll","background-type":"","background-media":"","overlay-type":"","overlay-color":"","overlay-opacity":"","overlay-gradient":""},"tablet":{"background-color":"","background-image":"","background-repeat":"repeat","background-position":"center center","background-size":"auto","background-attachment":"scroll","background-type":"","background-media":"","overlay-type":"","overlay-color":"","overlay-opacity":"","overlay-gradient":""},"mobile":{"background-color":"","background-image":"","background-repeat":"repeat","background-position":"center center","background-size":"auto","background-attachment":"scroll","background-type":"","background-media":"","overlay-type":"","overlay-color":"","overlay-opacity":"","overlay-gradient":""}},"ast-content-background-meta":{"desktop":{"background-color":"var(--ast-global-color-5)","background-image":"","background-repeat":"repeat","background-position":"center center","background-size":"auto","background-attachment":"scroll","background-type":"","background-media":"","overlay-type":"","overlay-color":"","overlay-opacity":"","overlay-gradient":""},"tablet":{"background-color":"var(--ast-global-color-5)","background-image":"","background-repeat":"repeat","background-position":"center center","background-size":"auto","background-attachment":"scroll","background-type":"","background-media":"","overlay-type":"","overlay-color":"","overlay-opacity":"","overlay-gradient":""},"mobile":{"background-color":"var(--ast-global-color-5)","background-image":"","background-repeat":"repeat","background-position":"center center","background-size":"auto","background-attachment":"scroll","background-type":"","background-media":"","overlay-type":"","overlay-color":"","overlay-opacity":"","overlay-gradient":""}},"footnotes":""},"class_list":["post-1873","page","type-page","status-publish","hentry"],"_links":{"self":[{"href":"https:\/\/tischtennis-biesfeld.de\/index.php?rest_route=\/wp\/v2\/pages\/1873","targetHints":{"allow":["GET"]}}],"collection":[{"href":"https:\/\/tischtennis-biesfeld.de\/index.php?rest_route=\/wp\/v2\/pages"}],"about":[{"href":"https:\/\/tischtennis-biesfeld.de\/index.php?rest_route=\/wp\/v2\/types\/page"}],"author":[{"embeddable":true,"href":"https:\/\/tischtennis-biesfeld.de\/index.php?rest_route=\/wp\/v2\/users\/1"}],"replies":[{"embeddable":true,"href":"https:\/\/tischtennis-biesfeld.de\/index.php?rest_route=%2Fwp%2Fv2%2Fcomments&post=1873"}],"version-history":[{"count":16,"href":"https:\/\/tischtennis-biesfeld.de\/index.php?rest_route=\/wp\/v2\/pages\/1873\/revisions"}],"predecessor-version":[{"id":2302,"href":"https:\/\/tischtennis-biesfeld.de\/index.php?rest_route=\/wp\/v2\/pages\/1873\/revisions\/2302"}],"wp:attachment":[{"href":"https:\/\/tischtennis-biesfeld.de\/index.php?rest_route=%2Fwp%2Fv2%2Fmedia&parent=1873"}],"curies":[{"name":"wp","href":"https:\/\/api.w.org\/{rel}","templated":true}]}}