{"id":2125,"date":"2025-04-13T16:56:23","date_gmt":"2025-04-13T14:56:23","guid":{"rendered":"https:\/\/tischtennis-biesfeld.de\/?page_id=2125"},"modified":"2025-04-15T11:01:59","modified_gmt":"2025-04-15T09:01:59","slug":"pingpongparkinson","status":"publish","type":"page","link":"https:\/\/tischtennis-biesfeld.de\/?page_id=2125","title":{"rendered":"PingPongParkinson"},"content":{"rendered":"\n<div class=\"wp-block-media-text is-stacked-on-mobile\" style=\"grid-template-columns:15% auto\"><figure class=\"wp-block-media-text__media\"><img fetchpriority=\"high\" decoding=\"async\" width=\"279\" height=\"300\" src=\"https:\/\/tischtennis-biesfeld.de\/wp-content\/uploads\/2025\/03\/PPP_2D-1-279x300.png\" alt=\"\" class=\"wp-image-2068 size-medium\" srcset=\"https:\/\/tischtennis-biesfeld.de\/wp-content\/uploads\/2025\/03\/PPP_2D-1-279x300.png 279w, https:\/\/tischtennis-biesfeld.de\/wp-content\/uploads\/2025\/03\/PPP_2D-1.png 509w\" sizes=\"(max-width: 279px) 100vw, 279px\" \/><\/figure><div class=\"wp-block-media-text__content\">\n<p>Bei Menschen mit Parkinson, die regelm\u00e4\u00dfig am Tischtennis-Training teilnehmen, zeigt sich eine Verbesserung ihrer Symptome, u.a. in Sprache, Handschrift und Mobilit\u00e4t. Tischtennis ist eine vielversprechende Form der Physiotherapie f\u00fcr Parkinson-Patienten.<\/p>\n\n\n\n<p>Tischtennis f\u00f6rdert die Motorik, die Beweglichkeit und das Reaktionsverm\u00f6gen. Es reduziert die Sturzneigung, f\u00f6rdert die neuronale Plastizit\u00e4t, verbessert die Ged\u00e4chtnisleistung und den Gleichgewichtssinn.<\/p>\n\n\n\n<p>Weitere Infos zu <a href=\"http:\/\/www.pingpongparkinson.de\">PingPongParkinson<\/a><\/p>\n<\/div><\/div>\n\n\n\n<h4 class=\"wp-block-heading\">Gemeinsam aktiv sein! Sport verbindet, Sport f\u00f6rdert<\/h4>\n\n\n\n<p>Wir wollen den von Parkinson betroffenen Menschen in unserer Gemeinde K\u00fcrten mehr Lebensqualit\u00e4t, neuen Mut und gr\u00f6\u00dfere Lebensfreude geben.<br>Der Weg dorthin f\u00fchrt runter vom Sofa ran an den Tischtennistisch.<br>PingPongParkinson bietet vom Anf\u00e4nger bis zum Profi jedem die Sicherheit, Teil einer Gemeinschaft zu sein, in der Solidarit\u00e4t z\u00e4hlt. Der sportliche Wettkampf ist kein Gegeneinander, sondern ein Miteinander. Durch die regelm\u00e4\u00dfigen Treffen entsteht ein starker Zusammenhalt, der von geteilten<br>Freuden, gegenseitigem Austausch und gemeinsamen Fortschritten lebt.<\/p>\n\n\n\n<h4 class=\"wp-block-heading\">Trainingszeiten<\/h4>\n\n\n\n<p>Mittwochs: 19:30<\/p>\n\n\n\n<h4 class=\"wp-block-heading\">Ansprechpartner<\/h4>\n\n\n\n<p>Michael Weinmann<br>Mobil:  0176 21685972<br>Email: <a href=\"mailto:der.weinmann@pingpongparkinson.de\" target=\"_blank\" rel=\"noreferrer noopener\">der.weinmann@pingpongparkinson.de<\/a><\/p>\n\n\n\n<h4 class=\"wp-block-heading\">PingPongParkinson in den Medien<\/h4>\n\n\n\n<p>Mit Tischtennis gegen Parkinson, 11.04.2025 WDR5 <\/p>\n\n\n\n<figure class=\"wp-block-audio\"><audio controls src=\"https:\/\/tischtennis-biesfeld.de\/wp-content\/uploads\/2025\/04\/3278657_61893944.mp3\"><\/audio><\/figure>\n","protected":false},"excerpt":{"rendered":"<p>Bei Menschen mit Parkinson, die regelm\u00e4\u00dfig am Tischtennis-Training teilnehmen, zeigt sich eine Verbesserung ihrer Symptome, u.a. in Sprache, Handschrift und Mobilit\u00e4t. Tischtennis ist eine vielversprechende Form der Physiotherapie f\u00fcr Parkinson-Patienten. Tischtennis f\u00f6rdert die Motorik, die Beweglichkeit und das Reaktionsverm\u00f6gen. Es reduziert die Sturzneigung, f\u00f6rdert die neuronale Plastizit\u00e4t, verbessert die Ged\u00e4chtnisleistung und den Gleichgewichtssinn. Weitere Infos [&hellip;]<\/p>\n","protected":false},"author":1,"featured_media":0,"parent":0,"menu_order":0,"comment_status":"closed","ping_status":"closed","template":"","meta":{"site-sidebar-layout":"default","site-content-layout":null,"ast-site-content-layout":"default","site-content-style":"default","site-sidebar-style":"default","ast-global-header-display":"","ast-banner-title-visibility":"","ast-main-header-display":"","ast-hfb-above-header-display":null,"ast-hfb-below-header-display":null,"ast-hfb-mobile-header-display":"","site-post-title":"","ast-breadcrumbs-content":null,"ast-featured-img":"","footer-sml-layout":"","ast-disable-related-posts":"","theme-transparent-header-meta":"","adv-header-id-meta":null,"stick-header-meta":null,"header-above-stick-meta":null,"header-main-stick-meta":null,"header-below-stick-meta":null,"astra-migrate-meta-layouts":"set","ast-page-background-enabled":"default","ast-page-background-meta":{"desktop":{"background-color":"var(--ast-global-color-4)","background-image":"","background-repeat":"repeat","background-position":"center center","background-size":"auto","background-attachment":"scroll","background-type":"","background-media":"","overlay-type":"","overlay-color":"","overlay-opacity":"","overlay-gradient":""},"tablet":{"background-color":"","background-image":"","background-repeat":"repeat","background-position":"center center","background-size":"auto","background-attachment":"scroll","background-type":"","background-media":"","overlay-type":"","overlay-color":"","overlay-opacity":"","overlay-gradient":""},"mobile":{"background-color":"","background-image":"","background-repeat":"repeat","background-position":"center center","background-size":"auto","background-attachment":"scroll","background-type":"","background-media":"","overlay-type":"","overlay-color":"","overlay-opacity":"","overlay-gradient":""}},"ast-content-background-meta":{"desktop":{"background-color":"var(--ast-global-color-5)","background-image":"","background-repeat":"repeat","background-position":"center center","background-size":"auto","background-attachment":"scroll","background-type":"","background-media":"","overlay-type":"","overlay-color":"","overlay-opacity":"","overlay-gradient":""},"tablet":{"background-color":"var(--ast-global-color-5)","background-image":"","background-repeat":"repeat","background-position":"center center","background-size":"auto","background-attachment":"scroll","background-type":"","background-media":"","overlay-type":"","overlay-color":"","overlay-opacity":"","overlay-gradient":""},"mobile":{"background-color":"var(--ast-global-color-5)","background-image":"","background-repeat":"repeat","background-position":"center center","background-size":"auto","background-attachment":"scroll","background-type":"","background-media":"","overlay-type":"","overlay-color":"","overlay-opacity":"","overlay-gradient":""}},"footnotes":""},"class_list":["post-2125","page","type-page","status-publish","hentry"],"_links":{"self":[{"href":"https:\/\/tischtennis-biesfeld.de\/index.php?rest_route=\/wp\/v2\/pages\/2125","targetHints":{"allow":["GET"]}}],"collection":[{"href":"https:\/\/tischtennis-biesfeld.de\/index.php?rest_route=\/wp\/v2\/pages"}],"about":[{"href":"https:\/\/tischtennis-biesfeld.de\/index.php?rest_route=\/wp\/v2\/types\/page"}],"author":[{"embeddable":true,"href":"https:\/\/tischtennis-biesfeld.de\/index.php?rest_route=\/wp\/v2\/users\/1"}],"replies":[{"embeddable":true,"href":"https:\/\/tischtennis-biesfeld.de\/index.php?rest_route=%2Fwp%2Fv2%2Fcomments&post=2125"}],"version-history":[{"count":15,"href":"https:\/\/tischtennis-biesfeld.de\/index.php?rest_route=\/wp\/v2\/pages\/2125\/revisions"}],"predecessor-version":[{"id":2187,"href":"https:\/\/tischtennis-biesfeld.de\/index.php?rest_route=\/wp\/v2\/pages\/2125\/revisions\/2187"}],"wp:attachment":[{"href":"https:\/\/tischtennis-biesfeld.de\/index.php?rest_route=%2Fwp%2Fv2%2Fmedia&parent=2125"}],"curies":[{"name":"wp","href":"https:\/\/api.w.org\/{rel}","templated":true}]}}